 second derivative of 5*x**3/6 + 7*x**2/2 - 14*x - 1. Determine p(-5).
-18
Let w(r) = r**2 - 3*r - 5. Let z be w(5). Suppose z*d = -2*j + 28, d = -j + 2*j. Let f(h) = -3 - 15*h + 14*h + j. Give f(6).
-5
Let a(r) = -7 + 0 + 22 - 7 - 6 + r. What is a(4)?
6
Let z(m) = 8*m. Let t(g) = -12*g + 11*g**2 + 5 + 14 - g**3 + 0*g. Let q be (6 - 8/8) + 5. Let r be t(q). Give z(r).
-8
Let i(g) be the third derivative of -g**4/12 - 19*g**3/6 - 11*g**2. Let w be i(-8). Let n(c) = c**2 + 2*c - 4. Give n(w).
-1
Let h(j) = -j**3 + j + 52 + 20*j**2 - 23 - 12*j**2 - 19. Determine h(8).
18
Let r(m) = m - 2. Let y = 2 + 4. Let o be -4 + y - (9 - 5). Calculate r(o).
-4
Let a(w) = -35 + 55 - 8*w - 7. Determine a(2).
-3
Suppose -6*x + 14 = -4*x. Let o(l) = 9*l**2 - x*l**2 - 7*l - 3*l**2 - 2. Give o(-7).
-2
Let f = 587 - 595. Let r(j) = 3*j + 7. Calculate r(f).
-17
Let a(g) = 2*g - 2. Let h(v) = 24*v - 3. Let c be h(0). What is a(c)?
-8
Let w(z) = -6*z + 1 + 27*z - 5*z - 12*z. Calculate w(-2).
-7
Let g(o) = -3*o**3 - o - 1. Let d be (-80)/112 - (-6)/(-21). Calculate g(d).
3
Let s(v) be the first derivative of -25*v**2/2 - v - 24. Calculate s(-1).
24
Let a(i) = -15*i + 1. Let j(x) = 17*x - 2. Let z(q) = -4*a(q) - 3*j(q). Give z(-3).
-25
Let u(l) = 16*l - 22*l + 7*l + 0 + 4. Let c = 2 + 2. Give u(c).
8
Let x(i) = -14*i - 4*i - 5 + 11*i + 0 - i**2. Let j be (-1 - -1) + -4 + 6. Suppose 5*y - 11 = j*g + 26, 5*y = -3*g + 7. Calculate x(g).
1
Let t(u) be the first derivative of u**3/3 - 3*u**2 + 6*u - 10. Let a be (-4)/(-3)*18/6. Give t(a).
-2
Let d(h) be the first derivative of 3*h**2/2 + 32*h + 25. Let i be d(-9). Let m(x) = 2*x + 1. Give m(i).
11
Let s(u) be the second derivative of -u**4/24 - u**3/3 - 4*u**2 + 17*u. Let j(x) be the first derivative of s(x). Determine j(-6).
4
Let x(d) = d**2 - 12*d - 9. Let z be (-6)/4*(7 - 45/3). Calculate x(z).
-9
Let g(y) = y**3 - 9*y**2 + 13*y - 51. Let x be g(8). Let v(s) = 2*s + 16. Give v(x).
-6
Suppose -o + 1 = p + p, 3*p = -2*o + 1. Suppose -p = 3*z - 7. Suppose -3*v = 2*x + 13, 3*v = 2*v + z*x + 9. Let n(s) = 12*s + 1. Determine n(v).
-11
Let n(z) = -11*z. Let y(q) = -q. Let k(r) = -r**3 - 17*r**2 + r + 20. Let j be k(-17). Let g(p) = -p**2 + 4*p - 2. Let o be g(j). Let f be y(o). Give n(f).
11
Suppose l + 4*s + 21 = -0*l, -5*l - 2*s - 69 = 0. Let h(m) = m**2 + 14*m + 12. Let n be h(l). Let u(b) = -13*b**3 - b. Calculate u(n).
14
Let g be -2*1/(1/(-1)). Let y(q) be the third derivative of q**3/6 + 11*q**2. Let i(x) = 2*x + 3. Let m(w) = -i(w) + 4*y(w). Give m(g).
-3
Let q(f) = 2*f**3 + 3*f**2 + f + 2. Suppose -4*l - l = -10, 2*l - 1 = t. Suppose 0 = -5*d + 13 - t. Suppose 0 = -k - 3*m - 14, -d + 6 = 2*k - 2*m. Give q(k).
-4
Let r(s) = s**2 + 6*s + 3. Let n be r(-2). Let p(g) be the first derivative of -g**2/2 - 2*g + 6600. Determine p(n).
3
Let o = -20233 + 20233. Let v(w) = 3*w**2 - 4*w**2 + w**3 - w - 2 - 3. Determine v(o).
-5
Let c be 0*(-2 - -3) + 4 - 1. Let t(d) be the first derivative of 1/3*d**3 + 3 + 2*d**2 - c*d. Calculate t(-6).
9
Let u(c) = -c - 1 + 35*c**3 - 36*c**3 - 6 - 7*c**2. Suppose -8 = w - 1. What is u(w)?
0
Suppose 0 = 4*j + 4, -3*j = -5*z + 19 - 16. Let p(g) = g**3 + g**2 - g + 1. Let r(c) = -2*c**2 + c + 2. Let f(q) = -p(q) - r(q). What is f(z)?
-3
Let u(n) = -2*n**3 - 13*n**2 - 5*n + 7. Let w(j) = j**3 + 6*j**2 + 2*j - 3. Let q(v) = 6*u(v) + 13*w(v). Give q(2).
3
Let i = 8 + -9. Let n(a) = a + 15 - 3*a**2 - 26 + 11. What is n(i)?
-4
Suppose 4*o = 5*x + 25, 5*o + 2*x = -3*x - 25. Suppose -f + d = 2*d - 5, o = d - 1. Let p(v) = -v**3 + 2*v**2 + 5*v + 3. Calculate p(f).
-9
Let h(r) = r**3 + 7*r**2 + 5*r - 4. Let y be ((-2400)/(-35))/(-10) + (-2)/14. Calculate h(y).
-39
Let v(h) = h + 2. Suppose -10 + 15 = 5*m. Let k be v(m). Let q(p) = p**3 - 4*p**2 + 4*p + 1. Determine q(k).
4
Let h(k) = 2*k**2 + 2*k + 4. Let n be (2 - 14/8) + 34/(-8). Give h(n).
28
Let b(f) = -7*f + 0*f - 16 + 14*f - 3*f - 7*f. What is b(-8)?
8
Let n(b) = b + 5. Let l be (0 + 1)*(-2 - -1). Let h be (0/l)/(1 - 3). Calculate n(h).
5
Let i(t) = 11*t**3 + 26*t**2 - t + 8. Let v(x) = -12*x**3 - 23*x**2 + x - 7. Let a(w) = 8*i(w) + 9*v(w). Give a(-1).
21
Let f(v) = -v + 2*v - 232 + 123 + 125. What is f(-15)?
1
Let x(p) be the third derivative of 1/8*p**4 - 22*p**2 + 0*p + 1/60*p**5 - 1/3*p**3 + 0. Determine x(-4).
2
Let y(s) = -8*s + 31. Let g be y(4). Let i(b) be the second derivative of b**4/3 + b**2/2 - 2*b. Let u(n) be the first derivative of i(n). Determine u(g).
-8
Suppose -m = -3*g - 6, 4*m - 2*g = 3*g + 3. Let s(l) = -2*l + 4. Calculate s(m).
10
Let b(r) = -4*r**3 + r**2 - 2*r - 3. Let o(q) = 3*q**3 - 2*q**2 + 2*q + 4. Let u(a) = -4*b(a) - 5*o(a). Let j = 24243 + -24249. Determine u(j).
4
Let d(l) be the second derivative of 4*l**2 - 5/6*l**3 - 1/12*l**4 - 15*l + 0. Give d(-6).
2
Let y(d) be the third derivative of d**6/120 + d**5/12 - d**4/6 + 7*d**3/3 - 382*d**2. Give y(-6).
2
Let x(f) = -40*f. Let v be x(-2). Suppose 5*z - z - v = 0. Let g be 5/z + 34/(-8). Let r(a) = -a - 9. What is r(g)?
-5
Let a(m) be the second derivative of -m**4/12 + m**3 + m**2/2 - 13*m. Give a(4).
9
Let x be 6*(6/8 - 75/60). Let f(s) = s**3 + s**2 - 2*s + 4. Determine f(x).
-8
Let r(h) = 3*h**2 - 18*h**3 + 5 + 3*h**3 + 7*h**3 - 2*h + 9*h**3. What is r(-4)?
-3
Let f(z) = -4*z**2 - 2*z + 3. Let g(d) = -6*d + 1 + 4*d - d**2 + d + d**3. Let p(l) = -f(l) + 3*g(l). Let t be (3 + 8/(-3))*-1*-3. Calculate p(t).
3
Let q be (3/(-1))/((-10)/10). Let n(a) = -2*a**2 + 4 + q*a**2 - 3 + 4*a + 0*a. Suppose -3*m = 4*b + 11, 0 = 5*b - b + 2*m + 14. Determine n(b).
6
Let h(l) be the second derivative of 0*l**2 + 0 - 2*l - l**4 - 1/6*l**3. Suppose 2*y + 3*c = -0*y + 2, 4*y + 2*c = 4. Determine h(y).
-13
Let v(g) = -2*g + 4. Let m = -589 - -586. What is v(m)?
10
Let r(s) be the third derivative of -s**5/2 - s**3/6 - s**2 + 35. Calculate r(1).
-31
Let t(y) = 8*y**2 - y**2 + 10*y**3 - 4*y**3 + 13 - 3 - 5*y**3 + 4*y. Give t(-6).
22
Let v(j) = -j**3 - 15*j**2 + 15*j - 23. Let t be (-6)/39 - (-2 - (-232)/13). Give v(t).
-7
Let n(b) = b**2 - 4*b + 2. Let q be (-1)/3 - (2 + 152/(-24)). Calculate n(q).
2
Let z(k) be the second derivative of 1/2*k**2 + 3/20*k**5 + 0 - k + 1/3*k**3 + 0*k**4. Determine z(-1).
-4
Let k(y) be the second derivative of y**4/12 - y**3/3 + 4*y**2 - y + 250. Calculate k(4).
16
Let y = 68 - 77. Let z(o) = o**3 + 9*o**2 + 3*o + 11. Give z(y).
-16
Suppose 4*g + b + b - 8 = 0, -4 = -2*g + 3*b. Suppose 3*w + g*h + 3 = 5, -12 = -w + 5*h. Let q(l) = 1 - 2 - 3*l + l**w - 2. Give q(3).
-3
Let b(f) = f**3 - 3*f**2 + 1. Let i be b(2). Let t(u) be the third derivative of 0 + 0*u**4 - 2/3*u**3 + 1/60*u**5 + 0*u - 5*u**2. Determine t(i).
5
Let q(l) be the first derivative of 4*l**2 - 13*l + 198. Calculate q(4).
19
Let v(n) = -1. Let u(i) = 6*i**2 - 3*i + 2. Let j = 32 - 31. Let w(b) = j*u(b) + 2*v(b). Calculate w(2).
18
Let z(l) = -l - 4. Let m(g) = -g**3 - 23*g**2 - 40*g + 44. Let p be m(-21). Give z(p).
-6
Suppose 5*v - 2*v - 4 = 5*f, 4*f + 2*v = 10. Let i = 0 + f. Let p(u) = -6*u - 6*u + 10*u + 300*u**3 + 1 - 295*u**3. Calculate p(i).
4
Let v be 18*(4/(-18))/(-1). Let f(i) = 3*i - 3. Let z be f(2). Let s(y) = -4*y**3 - v*y**z + y**3 + 0*y**3 - 1. Calculate s(-1).
6
Let r(l) = -l**3 - 5*l**2 + 7*l + 11. Let i be r(-6). Suppose 0 = i*y - 6*y + 3. Let x(u) = 5*u + 0*u**2 - 3*u - u**2 + u. What is x(y)?
0
Let k(z) = 79 + 0*z - z - 78. Determine k(-8).
9
Let s(j) = -j**3 - 6*j**2 - 2*j - 9. Let r be s(-6). Let t(d) = -d + 13 - 3 - r. Give t(5).
2
Let k(q) = -q**2 + 7*q - 4. Let a be k(6). Let p be a/(-5)*(-1 - -6). Let s = p - -2. Let w(x) = x**2 + x - 8. Give w(s).
-8
Let f(b) = 5*b**3 + 12*b**2 + 11*b + 3. Let m(y) = 6*y**3 + 13*y**2 + 12*y + 4. Let u(k) = 5*f(k) - 4*m(k). What is u(-7)?
-1
Let k(w) = w**2 + 3*w + 7. Suppose -m = -6*x + x - 26, -2 = -3*x + 5*m. Give k(x).
25
Let c be (-90)/(-36)*(-8)/(-10). Let z(l) = -4*l + 8. Determine z(c).
0
Let m(i) be the first derivative of -5/3*i**3 + 13 + 1/2*i**2 + 0*i. Calculate m(-1).
-6
Suppose 16*p - 19*p + 261 = 0. Let s = -93 + p. Let l(m) = -m**3 - 5*m**2 + 7*m + 2. Determine l(s).
-4
Suppose 4*x - 10 = 2*g, 0 = -4*x - 0*g - g + 7. Let p(q) = -7*q**2 + 5*q - 3. Let j(z) = -3*z**2 + 2*z - 1. Let i(k) = -5*j(k) + 2*p(k). What i